
What is the greatest common factor of 22 and 473?
11
What is the greatest common factor of 16 and 17336?
8
What is the greatest common divisor of 18 and 4?
2
What is the highest common divisor of 39 and 48?
3
Calculate the highest common divisor of 155 and 555.
5
What is the greatest common factor of 14 and 16?
2
Calculate the highest common divisor of 100 and 275.
25
What is the greatest common factor of 630 and 120?
30
Calculate the highest common factor of 264 and 5104.
88
What is the greatest common factor of 37 and 999?
37
What is the greatest common divisor of 851 and 92?
23
Calculate the highest common factor of 14 and 35.
7
What is the highest common divisor of 901 and 106?
53
Calculate the greatest common factor of 435 and 15.
15
What is the highest common factor of 320 and 30?
10
Calculate the greatest common divisor of 36 and 216.
36
What is the greatest common factor of 752 and 8?
8
Calculate the highest common factor of 320 and 20.
20
What is the greatest common divisor of 469 and 737?
67
What is the greatest common divisor of 28 and 4?
4
Calculate the greatest common factor of 130 and 182.
26
What is the greatest common divisor of 572 and 715?
143
Calculate the greatest common factor of 4 and 92.
4
Calculate the greatest common factor of 16 and 296.
8
What is the highest common factor of 77 and 28?
7
What is the highest common factor of 561 and 33?
33
Calculate the greatest common divisor of 4 and 284.
4
What is the greatest common divisor of 297 and 27?
27
Calculate the highest common divisor of 4 and 149.
1
What is the greatest common factor of 21042 and 668?
334
Calculate the greatest common divisor of 4747 and 202.
101
What is the greatest common divisor of 2 and 6?
2
Calculate the highest common factor of 923 and 71.
71
Calculate the highest common factor of 99 and 63.
9
Calculate the greatest common factor of 8 and 2716.
4
Calculate the highest common factor of 10 and 230.
10
Calculate the greatest common divisor of 10 and 390.
10
Calculate the highest common factor of 568 and 4189.
71
What is the greatest common divisor of 253 and 88?
11
Calculate the highest common divisor of 45 and 255.
15
What is the highest common divisor of 32 and 896?
32
Calculate the highest common divisor of 18 and 60.
6
What is the greatest common divisor of 676 and 780?
52
What is the greatest common divisor of 3008 and 47?
47
What is the highest common divisor of 889 and 254?
127
Calculate the greatest common factor of 95 and 65.
5
What is the highest common divisor of 66260 and 20?
20
What is the greatest common factor of 76 and 8132?
76
Calculate the greatest common divisor of 16982 and 126.
14
Calculate the greatest common factor of 4862 and 2574.
286
What is the greatest common divisor of 979 and 22?
11
What is the greatest common factor of 66 and 99?
33
Calculate the highest common divisor of 98280 and 65.
65
Calculate the greatest common divisor of 289 and 68.
17
Calculate the greatest common divisor of 6 and 15.
3
What is the greatest common divisor of 44 and 4334?
22
What is the highest common factor of 37 and 4477?
37
What is the highest common divisor of 657 and 73?
73
What is the highest common divisor of 54 and 450?
18
What is the greatest common factor of 11835 and 45?
45
Calculate the greatest common divisor of 96 and 96.
96
Calculate the greatest common factor of 30 and 190.
10
Calculate the highest common factor of 16 and 464.
16
What is the highest common divisor of 78 and 273?
39
Calculate the greatest common divisor of 1890 and 108.
54
Calculate the highest common factor of 950 and 76.
38
Calculate the greatest common factor of 812 and 224.
28
Calculate the highest common factor of 4 and 243.
1
What is the greatest common factor of 810 and 30?
30
Calculate the highest common divisor of 9462 and 76.
38
What is the highest common divisor of 140 and 15?
5
Calculate the greatest common factor of 110 and 895.
5
Calculate the highest common factor of 2825 and 113.
113
What is the highest common factor of 979 and 356?
89
Calculate the highest common divisor of 559 and 86.
43
What is the greatest common divisor of 896 and 28?
28
What is the highest common factor of 1425 and 114?
57
What is the greatest common divisor of 46 and 18?
2
Calculate the highest common factor of 266 and 56.
14
What is the highest common divisor of 700 and 1260?
140
Calculate the greatest common divisor of 88 and 396.
44
What is the highest common divisor of 209 and 1805?
19
Calculate the greatest common divisor of 207 and 9.
9
What is the greatest common factor of 6036 and 84?
12
Calculate the greatest common divisor of 55 and 4895.
55
Calculate the greatest common divisor of 1003 and 1357.
59
Calculate the greatest common factor of 386 and 9843.
193
What is the greatest common factor of 161 and 92?
23
What is the highest common divisor of 3568 and 16?
16
What is the greatest common divisor of 2407 and 581?
83
Calculate the highest common divisor of 296 and 12802.
74
What is the highest common divisor of 464 and 2987?
29
What is the highest common factor of 125 and 425?
25
What is the highest common factor of 126 and 1386?
126
What is the greatest common divisor of 134 and 67?
67
What is the greatest common divisor of 72 and 7668?
36
Calculate the greatest common factor of 204 and 24.
12
What is the highest common factor of 330 and 5181?
33
What is the highest common factor of 16 and 256?
16
Calculate the greatest common factor of 77 and 121.
11
What is the greatest common factor of 260 and 50?
10
What is the highest common factor of 38190 and 30?
30
What is the greatest common factor of 56 and 13531?
7
What is the greatest common divisor of 116 and 1943?
29
Calculate the greatest common divisor of 1643 and 155.
31
What is the highest common divisor of 405 and 20?
5
Calculate the highest common divisor of 38 and 475.
19
Calculate the highest common divisor of 111 and 148.
37
What is the greatest common divisor of 6 and 474?
6
Calculate the highest common divisor of 28 and 175.
7
Calculate the greatest common divisor of 333 and 9879.
111
Calculate the highest common factor of 1147 and 31.
31
What is the highest common divisor of 496 and 24?
8
What is the greatest common divisor of 378 and 594?
54
Calculate the greatest common divisor of 40 and 104.
8
What is the highest common factor of 84 and 64?
4
Calculate the highest common factor of 609 and 87.
87
Calculate the greatest common factor of 21854 and 2230.
446
What is the greatest common divisor of 140 and 196?
28
Calculate the highest common divisor of 297 and 729.
27
Calculate the highest common factor of 145 and 11745.
145
Calculate the highest common factor of 45 and 285.
15
Calculate the greatest common factor of 1350 and 50.
50
What is the highest common factor of 32 and 80?
16
Calculate the greatest common divisor of 21 and 1131.
3
What is the highest common factor of 2961 and 42?
21
What is the greatest common factor of 94 and 517?
47
Calculate the highest common factor of 38 and 152.
38
What is the greatest common divisor of 77 and 11?
11
What is the greatest common factor of 34 and 20162?
34
What is the greatest common divisor of 105 and 435?
15
Calculate the highest common factor of 184 and 20056.
184
What is the highest common factor of 762 and 30?
6
What is the highest common divisor of 38 and 133?
19
What is the highest common factor of 42 and 18?
6
Calculate the greatest common factor of 2204 and 380.
76
Calculate the highest common factor of 42 and 6.
6
What is the highest common divisor of 117 and 54?
9
Calculate the highest common factor of 4061 and 524.
131
What is the highest common divisor of 162 and 216?
54
What is the greatest common factor of 305 and 122?
61
What is the highest common factor of 3680 and 640?
160
What is the highest common factor of 3 and 4?
1
What is the highest common divisor of 880 and 616?
88
Calculate the greatest common divisor of 80 and 560.
80
What is the highest common factor of 3 and 7?
1
Calculate the highest common factor of 1161 and 36.
9
Calculate the highest common divisor of 144 and 640.
16
Calculate the greatest common divisor of 1815 and 517.
11
What is the greatest common divisor of 26 and 793?
13
What is the highest common factor of 4 and 32?
4